a355
What is 33878 (base 15) in base 8?
500111
-10100111100010001000100 (base 2) to base 6
-313355232
11022012020102 (base 3) to base 15
30299b
What is -1a658a9 (base 12) in base 16?
-5594c1
What is -111100010010110111 (base 2) in base 5?
-30400332
Convert 9350a0 (base 12) to base 5.
1042413311
440011 (base 9) to base 6
5343014
What is 92102 (base 10) in base 4?
112133012
Convert -2877c6 (base 13) to base 4.
-3301022112
Convert 14422103 (base 5) to base 16.
25c1d
What is 100101010101101100010010 (base 2) in base 12?
3340556
-321024 (base 15) to base 14
-46050c
-10142133134 (base 5) to base 14
-1576711
Convert -5320150 (base 12) to base 2.
-111011111101011011001100
Convert 1000001001000001 (base 2) to base 16.
8241
What is -6c2784 (base 15) in base 12?
-1895207
What is -133616 (base 9) in base 5?
-10101140
-53628 (base 12) to base 3
-12120120012
What is 201021121022011 (base 3) in base 14?
150a4ba
Convert 92ab (base 16) to base 15.
b1d2
Convert -1033231030 (base 4) to base 16.
-4fb4c
-20300030102 (base 4) to base 6
-121102522
What is 2122022220 (base 3) in base 5?
3130444
Convert 697ad0 (base 16) to base 3.
111000012110200
Convert -369178 (base 10) to base 9.
-622367
Convert 42010341 (base 5) to base 14.
8d771
-14445020 (base 6) to base 13
-1484b8
-10212210 (base 5) to base 10
-85305
What is 122010112201 (base 3) in base 7?
2603035
What is 822455 (base 9) in base 7?
4066556
What is -a435a (base 11) in base 10?
-152162
Convert -32cb7 (base 15) to base 12.
-79561
What is -1014023 (base 11) in base 6?
-102222115
Convert -130052540 (base 6) to base 16.
-268d4c
2db33 (base 15) to base 2
100100000011000000
21020202200002 (base 3) to base 16
3acbc5
-1613751 (base 8) to base 16
-717e9
Convert 19589 (base 15) to base 6.
1432450
Convert -11212011223 (base 4) to base 9.
-2674871
Convert 1434503 (base 6) to base 4.
110030013
Convert -5346223 (base 8) to base 13.
-3b0355
-a44507 (base 13) to base 2
-1110101000101110001110
51ea4 (base 16) to base 2
1010001111010100100
What is -4a3147 (base 16) in base 13?
-10131b6
2217984 (base 11) to base 2
1110110101110010111011
-631926 (base 12) to base 14
-2c7c3c
What is 2383669 (base 12) in base 14?
cb5173
What is -203554513 (base 6) in base 7?
-42065031
What is 423353500 (base 6) in base 8?
34324554
1132000 (base 6) to base 9
88530
Convert 229e4 (base 15) to base 8.
327237
-127222 (base 10) to base 13
-45ba4
4732372 (base 8) to base 7
13656230
Convert -10120122110210 (base 3) to base 10.
-1902306
Convert 138ab (base 16) to base 9.
131716
Convert -3224141200 (base 5) to base 15.
-9091d5
What is -8a70 (base 16) in base 13?
-13192
What is -3660411 (base 8) in base 12?
-407321
Convert -119154 (base 10) to base 14.
-315d0
-4861826 (base 12) to base 4
-311221011132
What is -22102112110 (base 3) in base 11?
-103694
4833556 (base 10) to base 6
251333324
10101011010101110000111 (base 2) to base 6
320200531
1699016 (base 12) to base 16
476dd2
Convert -122221012 (base 4) to base 7.
-633103
Convert -35ce0 (base 15) to base 8.
-517214
-3562099 (base 12) to base 3
-201102211020100
-b6b6 (base 13) to base 12
-127aa
What is 167bd0 (base 15) in base 16?
109f8c
What is -3321403143 (base 5) in base 11?
-4089584
Convert 2385a9 (base 14) to base 12.
4a6649
b272e (base 15) to base 6
20040512
-101010010001010101101 (base 2) to base 13
-396609
What is -1032 (base 15) in base 6?
-23502
What is -19596 (base 15) in base 16?
-1415a
What is 162a7 (base 16) in base 13?
3242c
Convert -10202212310 (base 4) to base 12.
-494a18
What is 155228 (base 12) in base 15?
72182
What is 1503 (base 6) in base 5?
3044
Convert -92257 (base 13) to base 12.
-107651
94a106 (base 15) to base 4
122332102020
What is 76ec (base 16) in base 11?
20967
What is 4410530 (base 7) in base 3?
1000110102012
What is a36b0 (base 16) in base 8?
2433260
Convert -448 (base 16) to base 12.
-774
-208b33 (base 16) to base 8
-10105463
What is -1114353 (base 9) in base 14?
-118a78
What is -1101111011010100 (base 2) in base 7?
-325211
What is 1000011110111111101 (base 2) in base 16?
43dfd
What is -a1317 (base 15) in base 4?
-1330211302
Convert 11000210002212 (base 3) to base 5.
1022004100
What is 14997a7 (base 11) in base 2?
1001110001000111011101
642415 (base 10) to base 11
3a9724
What is 127563 (base 13) in base 14?
b80da
-14522265 (base 7) to base 13
-395b29
Convert 3331400232 (base 5) to base 14.
d7c14d
What is -4241b (base 13) in base 14?
-316c2
What is 550659 (base 15) in base 8?
17350752
-571824 (base 10) to base 2
-10001011100110110000
What is -10122122021021 (base 3) in base 15?
-2853ed
-16604761 (base 9) to base 5
-4113020242
-137a070 (base 12) to base 11
-2220406
Convert 136330 (base 10) to base 4.
201102022
1200320 (base 8) to base 14
876c8
57372 (base 15) to base 11
17a572
450164 (base 7) to base 12
39aa8
Convert 2123112201 (base 4) to base 2.
10011011010110100001
What is -4385881 (base 9) in base 12?
-959731
What is -23dbe (base 16) in base 6?
-3051554
2211220111220 (base 3) to base 15
1ed7d9
-4422420 (base 5) to base 14
-1dcc2
Convert -1202121012212 (base 3) to base 16.
-e4bdb
What is 7160b3 (base 12) in base 11?
1001146
What is 10001001001101 (base 2) in base 12?
50b9
What is -2040410 (base 5) in base 10?
-33855
Convert -35118d (base 16) to base 5.
-1342243101
Convert cb779 (base 13) to base 15.
74157
Convert -14ab722 (base 12) to base 2.
-10000000011100001001010
-120300322 (base 6) to base 13
-613022
-14161630 (base 7) to base 12
-53b44a
Convert -10111101101110011111 (base 2) to base 14.
-1632c7
What is -7285684 (base 9) in base 14?
-7355ba
-1247151 (base 12) to base 3
-20201211022121
What is 306511 (base 8) in base 4?
120311021
What is -315cc2 (base 13) in base 14?
-2211d9
Convert -2c442 (base 13) to base 2.
-10100100011111000
Convert 440261 (base 8) to base 5.
14211013
What is -28ad8 (base 15) in base 12?
-6377b
Convert -1a81d (base 16) to base 12.
-529b9
-4132026 (base 7) to base 12
-1ba780
Convert -14433140 (base 5) to base 2.
-100101111100011100
149015 (base 10) to base 9
246362
Convert -12aa7a (base 11) to base 3.
-101102010101
Convert -3ab05 (base 12) to base 7.
-455243
3add63 (base 14) to base 3
10211102210011
What is -3401311041 (base 5) in base 6?
-423343502
Convert 176d7 (base 16) to base 4.
113123113
Convert -101011000110100010 (base 2) to base 12.
-86202
What is 202032233 (base 4) in base 7?
1122524
What is 33984 (base 12) in base 4?
100302310
Convert 6ac512 (base 13) to base 4.
21230100300
-5804883 (base 10) to base 5
-2441224013
What is -102003133 (base 4) in base 11?
-50619
What is 335742 (base 9) in base 11?
128090
What is b026a (base 13) in base 10?
314597
665620 (base 7) to base 6
2302531
Convert -1166006 (base 8) to base 9.
-541426
-67a97 (base 16) to base 5
-102041344
1005c (base 16) to base 10
65628
What is 23330342 (base 5) in base 10?
214472
What is 423277 (base 10) in base 11?
26a018
What is 26523165 (base 7) in base 15?
333c7c
What is 1574a (base 15) in base 2?
10000111000011001
Convert 100011010101011011001 (base 2) to base 7.
12561440
Convert 1023212322 (base 4) to base 5.
34402230
What is 324052035 (base 6) in base 10?
5792279
Convert 4320404 (base 5) to base 16.
11e0d
Convert -11314243 (base 5) to base 3.
-12022002211
12220133203 (base 4) to base 2
110101000011111100011
Convert -143515002 (base 6) to base 9.
-5542532
Convert -444a2 (base 12) to base 14.
-25002
What is -245b436 (base 12) in base 13?
-161352c
Convert -10000110110001011010110 (base 2) to base 7.
-52352155
Convert -8131036 (base 9) to base 7.
-51545613
Convert dd0cc (base 15) to base 12.
29a440
What is -4132002 (base 6) in base 10?
-198722
10100001110101000 (base 2) to base 15
1983b
Convert -1010110101101010001110 (base 2) to base 14.
-53d610
Convert -3452202 (base 7) to base 6.
-13140250
What is -1105144222 (base 6) in base 14?
-1846b66
What is -2c26f3 (base 16) in base 5?
-1220043210
1491ca4 (base 13) to base 6
352520205
What is 118aa20 (base 11) in base 3?
10212212122220
-1006054 (base 12) to base 13
-80bb37
What is -e30 (base 16) in base 4?
-320300
Convert -769a4 (base 11) to base 7.
-643405
What is 202d6 (base 14) in base 12?
38970
-346851 (base 14) to base 12
-72115b
What is 1710774 (base 8) in base 11?
309822
What is 73668 (base 10) in base 4?
101333010
Convert a0c54d (